Is u(-5) a composite number?
True
Suppose 37*g = 38*g - 614. Is g prime?
False
Let j be (-822)/4*(-20)/6. Suppose 0 = 4*h + 201 - j. Is h prime?
False
Is ((-8780)/(-30))/((-4)/6 + 1) a composite number?
True
Let s be (4/(-5))/(10/(-25)). Let d be s*1/5*-5. Is (d - 5/3)*-6 prime?
False
Let j = -2 - -4. Let m(f) = -6*f**2 - 3*f + 2*f**2 - 2*f**3 + 3*f**j - 2*f - 1. Is m(-4) composite?
False
Let z be (-7)/3 - 2/(-6). Let x be 5/z*-20 + 0. Suppose -5*o = k - 115, 2*o - 2*k + 4 = x. Is o a composite number?
False
Let r = 17 - 12. Suppose 2*t + r*l - 735 = -3*t, -5*t + 739 = 3*l. Is t prime?
True
Let i(y) = y**3 + y**2 - y + 4. Is i(5) composite?
False
Suppose 0 = 5*m - 0*m - 25. Let w(u) = 12*u - 5. Let l be w(m). Suppose h = -4*h + l. Is h composite?
False
Let k be (-8)/(-28) - 12/(-7). Let o(g) = 2 - 4 + 2 - 3*g - k. Is o(-4) a prime number?
False
Suppose -2*v - 3*f + 33 = 8, 55 = 3*v + f. Let s = v - -52. Suppose -5*b - 2*c = -339, -3*b + 121 = -4*c - s. Is b a prime number?
True
Suppose 4*p - 1149 = -145. Is p a composite number?
False
Let j = -48 + 229. Suppose -4 - 5 = -3*c. Suppose j = l + l + i, c*i + 94 = l. Is l composite?
True
Let y(s) = -3 - 8*s + 6*s**2 + 18*s - 2*s**2 - 5*s**2. Is y(8) a composite number?
False
Suppose 5*k + 975 = 5*q, 2*q = -0*q + 4*k + 398. Is q a prime number?
True
Suppose b + 2 = 2*b. Suppose 40 = 2*q - b. Is q a composite number?
True
Let d(o) = 5*o**2 - 5*o - 5. Let q(b) = -3*b**2 - 4*b - 2. Let w be q(-2). Is d(w) a prime number?
False
Let s = 7 + 0. Is s a composite number?
False
Let s(w) = 2*w**2 - 4*w + 2. Let a be s(3). Is -2*((-756)/a + 4) a composite number?
False
Suppose -3*j + 2*w = -1331, -3*j - w + 2249 - 903 = 0. Is j composite?
True
Let q(a) = 2*a**2 + 3*a - 8. Is q(7) composite?
True
Let x(s) = s**2 + 4*s + 2. Let p be x(-5). Let z = p - 1. Is z composite?
True
Let z = -18 + 3. Let w = z + 30. Is w prime?
False
Let r(o) = 12*o**2 + 3*o + 3. Let h be r(-3). Suppose -2*p + 4*p - 4*y = h, p + y - 57 = 0. Is p a composite number?
True
Let u(i) = -i + 13*i**2 + 0*i - 12*i**2 + 191. Is u(0) composite?
False
Suppose 4*f = -4*l + 11644, -6397 = -4*f - 5*l + 5249. Is f a prime number?
True
Suppose 0 = 2*z - 322 + 1512. Let f = -338 - z. Is f composite?
False
Let q(n) = 4*n**2. Let w = -6 + 5. Let s be q(w). Is (-426)/(-10) + s/10 composite?
False
Let g = 0 + 2. Let y be (-1 + g)*6/(-3). Is (1 - (1 + 1))*y a composite number?
False
Let a = 38 - -68. Let m = a - 29. Is m a prime number?
False
Let w(r) = -r - 7. Let i(s) = -3*s - 15. Let p(a) = 2*i(a) - 5*w(a). Let v be p(4). Is (v/(-2))/((-2)/436) a prime number?
True
Let t(g) = g**3 + g**2 - 3*g - 3. Is t(4) a prime number?
False
Suppose 4*q - 83 = 197. Let r = q - 7. Let i = r + 64. Is i composite?
False
Let d be 4/(-12)*(-12)/2. Let z be ((-2)/1 - -2)/(-1). Suppose z*u - d*u = -14. Is u a prime number?
True
Let s = 1 - -3. Suppose 4*k - 4*w - 1246 = -182, 3*k - s*w - 801 = 0. Is k a composite number?
False
Let u be -98*(2 + 18/(-4)). Suppose -p = 3*c + c - u, 0 = 4*p + c - 950. Is p prime?
False
Suppose -j + 4 = 2*i - 0*j, 2*i - 2*j = -2. Let v be (0/1 + -1)*i. Is (2/4)/(v/(-44)) prime?
False
Suppose -3*p = -9, -q + 442 = -3*p + 44. Is q composite?
True
Let p(s) = 21*s - 4. Suppose 19 = -2*t - 5*a, -4*t - a - 3*a = 8. Is p(t) a composite number?
False
Is 4/6*((-11379)/(-2))/1 prime?
True
Let m = 13 - 86. Let o = -36 - m. Is o a composite number?
False
Let x(k) = 2*k**2 + 1. Let o be x(1). Let i be (-1)/(-2)*(-4 - -4). Suppose i = z - o*z + 102. Is z prime?
False
Suppose -3*a = 3*s + 963, 2*a - s = -2*a - 1279. Let n = a - -699. Is n a composite number?
False
Let l(s) = 2*s + 10. Let w = 3 - 11. Let b be l(w). Is -2*(9/b + -2) prime?
True
Is (-5)/((-30)/(-5847))*-2 a composite number?
False
Suppose -11 + 5 = 3*j + 3*h, j = 5*h - 8. Let i(r) = -18*r - 3. Let s be i(j). Let p = 118 - s. Is p prime?
True
Let x(o) = 2*o - 15. Let u be x(9). Let a(w) = 6*w**3 - 5*w + 2. Is a(u) prime?
True
Let j = -154 + 50. Let w = j + 193. Is w composite?
False
Let v(h) = -h**3 + 8*h**2 - h + 5. Let l be v(8). Is (-635)/l - (-10)/(-15) a composite number?
False
Let p(t) = t**2 - 3*t + 2. Let v be p(2). Suppose 0 = -3*u - v*u + 6. Suppose 3*y + u*y = 3*h + 89, -13 = -y + 3*h. Is y composite?
False
Let z = -5 - -51. Is z composite?
True
Let u = 118 + -30. Let o = u + -37. Is o prime?
False
Let s(g) = g**2 + 2*g - 10. Is s(7) prime?
True
Suppose 9*s + 66 = 3099. Is s a composite number?
False
Let t(h) = h**2 - 6*h + 2. Let f be t(4). Is (-8)/f*129/2 a composite number?
True
Let c be (-178)/4*(-2)/(-1). Let l = 154 + c. Is l a prime number?
False
Let i(o) = o**3 - o**2 - 4*o - 10. Let y(c) = -3*c**3 + 4*c**2 + 11*c + 29. Let b = 1 + -4. Let l(q) = b*y(q) - 8*i(q). Is l(5) a prime number?
True
Let t(w) be the third derivative of w**8/6720 + w**7/504 - w**6/240 - w**5/24 + w**4/12 - 2*w**2. Let n(f) be the second derivative of t(f). Is n(-5) prime?
False
Let c(n) = -n**3 + n + 583. Is c(0) prime?
False
Is (38/8)/(3/60) a prime number?
False
Let z(v) = -268*v - 45. Is z(-8) a composite number?
False
Suppose 0 = -z - 2 + 3. Is (-10)/z*(-246)/12 a composite number?
True
Let m(z) be the second derivative of 29*z**3/6 + z**2 + 8*z. Is m(3) a composite number?
False
Let c(p) = 97*p - 2. Let l be c(5). Suppose -4*b - 135 = -l. Is b prime?
False
Let z be (-1 + 31)*3/(-6). Let u = 126 + z. Is u composite?
True
Let j(q) = -3*q**2 + q - 3. Let c(z) = -2*z + 19 - 3*z - z + 19*z**2. Let x(n) = -6*c(n) - 39*j(n). Is x(2) composite?
True
Let a be (3 - 0 - 1) + 138. Let z = -99 + a. Let p = z + -19. Is p a prime number?
False
Suppose 4*h - 88 = -0*h. Suppose 4*t = -5*u + 2*u - 177, 4*u + 249 = -t. Let v = h - u. Is v a composite number?
True
Is -2 + (0 - -235) + 0 composite?
False
Is -2 + 2345/20 + (-2)/8 a prime number?
False
Suppose 4*p + 4*p = 13208. Is p composite?
True
Let b(u) = u - 1. Let h be b(4). Suppose 5*r = -5*j - 22 + 102, -r - h*j + 6 = 0. Suppose 27 = g - 4*w, 5*w - 7 - r = -2*g. Is g composite?
False
Let p = -26 - -39. Is (0 + 2)/1 + p composite?
True
Let n = 495 + -172. Is n composite?
True
Let m(r) = -r - 3. Let y be m(-4). Is ((-1401)/(-12))/(y/4) composite?
False
Suppose -7 = -j + q - 3, -4*q = 4*j - 8. Suppose -5*v - 110 = -2*s - j*v, v = -4. Is s prime?
False
Is 2 + 1 + -12*106/(-4) a composite number?
True
Let g = 133 - 77. Let t be (45/(-6))/((-6)/g). Suppose -h = -6*h + t. Is h prime?
False
Let m(d) be the second derivative of 37/12*d**4 + 0*d**3 + 0 + d + 0*d**2. Is m(1) prime?
True
Let w be (-12)/9*(-3 + -3). Let k(d) = -d**3 + 9*d**2 - 3*d - 3. Is k(w) prime?
True
Suppose -t = 5*k - 35, -3*t = -k - 4*t + 3. Suppose 0*w + 2*w = k. Suppose -425 = -w*z - 157. Is z a prime number?
True
Let g(x) = 4 + 5*x - 17*x + 1. Is g(-6) composite?
True
Let f(x) = x**2 + 2*x - 1. Let g be f(1). Suppose 3*w = -g*k + 4, 0 = -w - k - k. Is ((-2)/(-2))/(w/74) a prime number?
True
Let a(o) be the second derivative of 0 - o + 1/6*o**4 + 1/2*o**2 + 7/10*o**5 - 1/6*o**3. Is a(2) a prime number?
False
Suppose -4*k + 3*z + 12 = 0, -4*k - 4*z + 4 = -5*z. Is 1/((-3)/(-609) - k) a prime number?
False
Let p(w) = -w. Let j be p(-5). Let b = 8 - j. Is b prime?
True
Suppose 0*b = 4*b - 868. Let d = b + -108. Is d a prime number?
True
Let o be (-1)/(1/(-9 - -1)). Let j(u) = u**2 - 6*u - 1. Let x be j(o). Suppose -5*b + 36 = -v, 4*b - 44 = v - x. Is b a composite number?
False
Let y(s) be the first derivative of 31*s**2/2 + 3*s + 1. Is y(4) prime?
True
Let n be 0 - (-3 + 52/2). Let c = -13 - n. Is c a composite number?
True
Let t(w) = w**3 - 3*w + 2. Let d be t(2). Suppose z - 14 = -d*v, -v + 0*v - 3*z = -9. Suppose 0 = 4*b + 8, 2*b = -2*y + v*y - 83. Is y a composite number?
False
Suppose -2*t - 126 = 320. Let u = -130 - t. Is u prime?
False
Suppose -3 = 5*k - 18. Let z be (0 + k + 108)*1. Suppose -u + z = 2*u. Is u prime?
True
Let z be (-72)/(-27) + (-2)/3. Suppose 4*u - 6*u = -z*m + 230, 222 = 2*m - 4*u. Is m prime?
False
Suppose -n + 3 + 0 = 0. Suppose -n*b + 4*b = 0. Is 3/((-9)/(-39)) - b a composite number?
False
Let g = 4588 + -3107. Is g a prime number?
True
Suppose 498 = -5*i + 2193. Is i a prime number?
False
Suppose -x + 3*x = -4*v - 6, -4*x + 5*v = 12. Let j = 1 - x. Let y = j + 9. Is y p